{"id":988081,"date":"2024-12-02T11:51:37","date_gmt":"2024-12-02T09:51:37","guid":{"rendered":"https:\/\/cooperative-edition.1001parcours.cci.fr\/?post_type=product&#038;p=988081"},"modified":"2026-03-24T18:23:19","modified_gmt":"2026-03-24T16:23:19","slug":"genially","status":"publish","type":"product","link":"https:\/\/1001parcours.cci.fr\/1001outils\/produit\/genially\/","title":{"rendered":"Genially"},"content":{"rendered":"<p>Plateforme de cr\u00e9ation de contenus visuels interactifs particuli\u00e8rement adapt\u00e9e \u00e0 la conception p\u00e9dagogique.<\/p>\n<p>&nbsp;<\/p>\n<p>&nbsp;<\/p>\n<p>Le formateur peut cr\u00e9er des pr\u00e9sentations anim\u00e9es, des infographies, des dossiers interactifs et des supports de cours enrichis de liens, vid\u00e9os et animations. Gr\u00e2ce \u00e0 ses nombreux templates p\u00e9dagogiques, la prise en main est rapide m\u00eame sans comp\u00e9tences en design.<\/p>\n","protected":false},"excerpt":{"rendered":"<p>Tarifs \u00e9ducation :<br \/>\n&#8211; Educ Pro : 4,99\u20ac \/ mois &#8211; 59,88\u20ac \/ an<br \/>\n&#8211; Expert : 9,99\u20ac\/ an &#8211; 119,88\u20ac\/ an<br \/>\n&#8211; Genius : 12,49 \/ mois &#8211; 149,88\u20ac\/ an<\/p>\n<p>&nbsp;<\/p>\n<p>Portail d&rsquo;attribution de licences individuelles<\/p>\n","protected":false},"featured_media":988705,"comment_status":"closed","ping_status":"closed","template":"","meta":[],"product_brand":[],"product_cat":[352,319,315,321,317,318],"product_tag":[345,347,341,346,348,344],"class_list":{"0":"post-988081","1":"product","2":"type-product","3":"status-publish","4":"has-post-thumbnail","6":"product_cat-animer-mes-sessions-de-formation-synchrone","7":"product_cat-creer-des-ressources-interactives","8":"product_cat-creer-du-contenu-produire","9":"product_cat-creer-un-serious-game","10":"product_cat-evaluer-mes-apprenants","11":"product_cat-recueillir-lavis-de-mes-apprenants","12":"product_tag-asynchrone","13":"product_tag-quiz","14":"product_tag-ressource-interactive","15":"product_tag-serious-game","16":"product_tag-supports-de-cours","17":"product_tag-synchrone","19":"first","20":"instock","21":"virtual","22":"purchasable","23":"product-type-simple"},"_links":{"self":[{"href":"https:\/\/1001parcours.cci.fr\/1001outils\/wp-json\/wp\/v2\/product\/988081","targetHints":{"allow":["GET"]}}],"collection":[{"href":"https:\/\/1001parcours.cci.fr\/1001outils\/wp-json\/wp\/v2\/product"}],"about":[{"href":"https:\/\/1001parcours.cci.fr\/1001outils\/wp-json\/wp\/v2\/types\/product"}],"replies":[{"embeddable":true,"href":"https:\/\/1001parcours.cci.fr\/1001outils\/wp-json\/wp\/v2\/comments?post=988081"}],"version-history":[{"count":9,"href":"https:\/\/1001parcours.cci.fr\/1001outils\/wp-json\/wp\/v2\/product\/988081\/revisions"}],"predecessor-version":[{"id":989642,"href":"https:\/\/1001parcours.cci.fr\/1001outils\/wp-json\/wp\/v2\/product\/988081\/revisions\/989642"}],"wp:featuredmedia":[{"embeddable":true,"href":"https:\/\/1001parcours.cci.fr\/1001outils\/wp-json\/wp\/v2\/media\/988705"}],"wp:attachment":[{"href":"https:\/\/1001parcours.cci.fr\/1001outils\/wp-json\/wp\/v2\/media?parent=988081"}],"wp:term":[{"taxonomy":"product_brand","embeddable":true,"href":"https:\/\/1001parcours.cci.fr\/1001outils\/wp-json\/wp\/v2\/product_brand?post=988081"},{"taxonomy":"product_cat","embeddable":true,"href":"https:\/\/1001parcours.cci.fr\/1001outils\/wp-json\/wp\/v2\/product_cat?post=988081"},{"taxonomy":"product_tag","embeddable":true,"href":"https:\/\/1001parcours.cci.fr\/1001outils\/wp-json\/wp\/v2\/product_tag?post=988081"}],"curies":[{"name":"wp","href":"https:\/\/api.w.org\/{rel}","templated":true}]}}